{"id":1035,"date":"2025-11-12T14:08:34","date_gmt":"2025-11-12T13:08:34","guid":{"rendered":"https:\/\/bmasmaoo.com\/?post_type=product&#038;p=1035"},"modified":"2026-01-16T18:41:12","modified_gmt":"2026-01-16T17:41:12","slug":"pot-pliable-enfant-voyage-siege-de-toilette-pour-enfants-toilettes-pliantes-pour-enfants","status":"publish","type":"product","link":"https:\/\/bmasmaoo.com\/index.php\/produit\/pot-pliable-enfant-voyage-siege-de-toilette-pour-enfants-toilettes-pliantes-pour-enfants\/","title":{"rendered":"Pot pliable enfant voyage &#8211; Si\u00e8ge de Toilette pour Enfants"},"content":{"rendered":"<p><strong>Pliable et l\u00e9ger<\/strong>\u00a0\u2013 Id\u00e9al pour les d\u00e9placements<br \/>\n<strong>Mat\u00e9riau PP durable et robuste<\/strong>\u00a0\u2013 S\u00fbr et stable pour les enfants<br \/>\n<strong>Trousses de toilette gratuites incluses<\/strong>\u00a0\u2013 Hygi\u00e9nique et facile \u00e0 nettoyer<br \/>\n<strong>Joli design de dessin anim\u00e9<\/strong>\u00a0\u2013 Attrayant pour les enfants<br \/>\n<strong>Utilisation multifonctionnelle<\/strong>\u00a0\u2013 Convient pour la maison, la voiture, le camping et les voyages<\/p>\n<p>Cette\u00a0<strong>toilette mobile pour tout-petits<\/strong> est une\u00a0<strong>indispensable pour les parents<\/strong> qui voyagent beaucoup. Geen le stress des pauses toilettes \u2013 avec capot<strong>\u00a0portatif<\/strong>\u00a0votre enfant a toujours un endroit s\u00fbr et propre !<\/p>\n","protected":false},"excerpt":{"rendered":"<p>Ces\u00a0<strong>toilettes pliables pour enfants<\/strong> sont parfaites pour\u00a0<strong>tout-petits et jeunes enfants<\/strong> pendant la journ\u00e9e\u00a0<strong>voyage, camping, d\u00e9placement en voiture et urgence<\/strong> . Fait de\u00a0<strong>mat\u00e9riau PP durable et \u00e9pais<\/strong> , il offre un\u00a0<strong>si\u00e8ge robuste et s\u00fbr<\/strong> pour les enfants jusqu&rsquo;\u00e0\u00a0<strong>7 ann\u00e9es<\/strong> .Il est facile \u00e0 transporter et \u00e0 ranger.<\/p>\n","protected":false},"featured_media":1008,"template":"","meta":[],"product_brand":[],"product_cat":[71],"product_tag":[],"class_list":{"0":"post-1035","1":"product","2":"type-product","3":"status-publish","4":"has-post-thumbnail","6":"product_cat-soins-toilette","8":"first","9":"instock","10":"shipping-taxable","11":"purchasable","12":"product-type-variable"},"yoast_head":"<!-- This site is optimized with the Yoast SEO Premium plugin v26.8 (Yoast SEO v26.8) - https:\/\/yoast.com\/product\/yoast-seo-premium-wordpress\/ -->\n<title>Pot pliable enfant voyage - Si\u00e8ge de Toilette pour Enfants - Bambinerie Chez Maman Asmao<\/title>\n<meta name=\"robots\" content=\"index, follow, max-snippet:-1, max-image-preview:large, max-video-preview:-1\" \/>\n<link rel=\"canonical\" href=\"https:\/\/bmasmaoo.com\/index.php\/produit\/pot-pliable-enfant-voyage-siege-de-toilette-pour-enfants-toilettes-pliantes-pour-enfants\/\" \/>\n<meta property=\"og:locale\" content=\"fr_FR\" \/>\n<meta property=\"og:type\" content=\"article\" \/>\n<meta property=\"og:title\" content=\"Pot pliable enfant voyage - Si\u00e8ge de Toilette pour Enfants\" \/>\n<meta property=\"og:description\" content=\"Ces\u00a0toilettes pliables pour enfants sont parfaites pour\u00a0tout-petits et jeunes enfants pendant la journ\u00e9e\u00a0voyage, camping, d\u00e9placement en voiture et urgence . Fait de\u00a0mat\u00e9riau PP durable et \u00e9pais , il offre un\u00a0si\u00e8ge robuste et s\u00fbr pour les enfants jusqu&#039;\u00e0\u00a07 ann\u00e9es .Il est facile \u00e0 transporter et \u00e0 ranger.\" \/>\n<meta property=\"og:url\" content=\"https:\/\/bmasmaoo.com\/index.php\/produit\/pot-pliable-enfant-voyage-siege-de-toilette-pour-enfants-toilettes-pliantes-pour-enfants\/\" \/>\n<meta property=\"og:site_name\" content=\"Bambinerie Chez Maman Asmao\" \/>\n<meta property=\"article:publisher\" content=\"https:\/\/www.facebook.com\/keacissediop\/?locale=fr_FR\" \/>\n<meta property=\"article:modified_time\" content=\"2026-01-16T17:41:12+00:00\" \/>\n<meta property=\"og:image\" content=\"https:\/\/bmasmaoo.com\/wp-content\/uploads\/2025\/11\/14.png\" \/>\n\t<meta property=\"og:image:width\" content=\"1080\" \/>\n\t<meta property=\"og:image:height\" content=\"1080\" \/>\n\t<meta property=\"og:image:type\" content=\"image\/png\" \/>\n<meta name=\"twitter:card\" content=\"summary_large_image\" \/>\n<script type=\"application\/ld+json\" class=\"yoast-schema-graph\">{\"@context\":\"https:\/\/schema.org\",\"@graph\":[{\"@type\":\"WebPage\",\"@id\":\"https:\/\/bmasmaoo.com\/index.php\/produit\/pot-pliable-enfant-voyage-siege-de-toilette-pour-enfants-toilettes-pliantes-pour-enfants\/\",\"url\":\"https:\/\/bmasmaoo.com\/index.php\/produit\/pot-pliable-enfant-voyage-siege-de-toilette-pour-enfants-toilettes-pliantes-pour-enfants\/\",\"name\":\"Pot pliable enfant voyage - Si\u00e8ge de Toilette pour Enfants - Bambinerie Chez Maman Asmao\",\"isPartOf\":{\"@id\":\"https:\/\/bmasmaoo.com\/#website\"},\"primaryImageOfPage\":{\"@id\":\"https:\/\/bmasmaoo.com\/index.php\/produit\/pot-pliable-enfant-voyage-siege-de-toilette-pour-enfants-toilettes-pliantes-pour-enfants\/#primaryimage\"},\"image\":{\"@id\":\"https:\/\/bmasmaoo.com\/index.php\/produit\/pot-pliable-enfant-voyage-siege-de-toilette-pour-enfants-toilettes-pliantes-pour-enfants\/#primaryimage\"},\"thumbnailUrl\":\"https:\/\/bmasmaoo.com\/wp-content\/uploads\/2025\/11\/14.png\",\"datePublished\":\"2025-11-12T13:08:34+00:00\",\"dateModified\":\"2026-01-16T17:41:12+00:00\",\"breadcrumb\":{\"@id\":\"https:\/\/bmasmaoo.com\/index.php\/produit\/pot-pliable-enfant-voyage-siege-de-toilette-pour-enfants-toilettes-pliantes-pour-enfants\/#breadcrumb\"},\"inLanguage\":\"fr-FR\",\"potentialAction\":[{\"@type\":\"ReadAction\",\"target\":[\"https:\/\/bmasmaoo.com\/index.php\/produit\/pot-pliable-enfant-voyage-siege-de-toilette-pour-enfants-toilettes-pliantes-pour-enfants\/\"]}]},{\"@type\":\"ImageObject\",\"inLanguage\":\"fr-FR\",\"@id\":\"https:\/\/bmasmaoo.com\/index.php\/produit\/pot-pliable-enfant-voyage-siege-de-toilette-pour-enfants-toilettes-pliantes-pour-enfants\/#primaryimage\",\"url\":\"https:\/\/bmasmaoo.com\/wp-content\/uploads\/2025\/11\/14.png\",\"contentUrl\":\"https:\/\/bmasmaoo.com\/wp-content\/uploads\/2025\/11\/14.png\",\"width\":1080,\"height\":1080},{\"@type\":\"BreadcrumbList\",\"@id\":\"https:\/\/bmasmaoo.com\/index.php\/produit\/pot-pliable-enfant-voyage-siege-de-toilette-pour-enfants-toilettes-pliantes-pour-enfants\/#breadcrumb\",\"itemListElement\":[{\"@type\":\"ListItem\",\"position\":1,\"name\":\"Home\",\"item\":\"https:\/\/bmasmaoo.com\/\"},{\"@type\":\"ListItem\",\"position\":2,\"name\":\"Shop\",\"item\":\"https:\/\/bmasmaoo.com\/index.php\/boutique\/\"},{\"@type\":\"ListItem\",\"position\":3,\"name\":\"Pot pliable enfant voyage &#8211; Si\u00e8ge de Toilette pour Enfants\"}]},{\"@type\":\"WebSite\",\"@id\":\"https:\/\/bmasmaoo.com\/#website\",\"url\":\"https:\/\/bmasmaoo.com\/\",\"name\":\"https:\/\/bmasmaoo.com\/\",\"description\":\"\",\"publisher\":{\"@id\":\"https:\/\/bmasmaoo.com\/#organization\"},\"potentialAction\":[{\"@type\":\"SearchAction\",\"target\":{\"@type\":\"EntryPoint\",\"urlTemplate\":\"https:\/\/bmasmaoo.com\/?s={search_term_string}\"},\"query-input\":{\"@type\":\"PropertyValueSpecification\",\"valueRequired\":true,\"valueName\":\"search_term_string\"}}],\"inLanguage\":\"fr-FR\"},{\"@type\":\"Organization\",\"@id\":\"https:\/\/bmasmaoo.com\/#organization\",\"name\":\"Bambinerie Maman Asmao\",\"url\":\"https:\/\/bmasmaoo.com\/\",\"logo\":{\"@type\":\"ImageObject\",\"inLanguage\":\"fr-FR\",\"@id\":\"https:\/\/bmasmaoo.com\/#\/schema\/logo\/image\/\",\"url\":\"https:\/\/bmasmaoo.com\/wp-content\/uploads\/2025\/11\/Generated-Image-November-12-2025-6_41PM.png\",\"contentUrl\":\"https:\/\/bmasmaoo.com\/wp-content\/uploads\/2025\/11\/Generated-Image-November-12-2025-6_41PM.png\",\"width\":608,\"height\":372,\"caption\":\"Bambinerie Maman Asmao\"},\"image\":{\"@id\":\"https:\/\/bmasmaoo.com\/#\/schema\/logo\/image\/\"},\"sameAs\":[\"https:\/\/www.facebook.com\/keacissediop\/?locale=fr_FR\",\"https:\/\/www.instagram.com\/bambineriemamanasmao\/?hl=fr\",\"https:\/\/www.tiktok.com\/@bambineriemamanasmao\"],\"telephone\":\"+221772474296\",\"legalName\":\"Bambinerie Maman Asmao\"}]}<\/script>\n<!-- \/ Yoast SEO Premium plugin. -->","yoast_head_json":{"title":"Pot pliable enfant voyage - Si\u00e8ge de Toilette pour Enfants - Bambinerie Chez Maman Asmao","robots":{"index":"index","follow":"follow","max-snippet":"max-snippet:-1","max-image-preview":"max-image-preview:large","max-video-preview":"max-video-preview:-1"},"canonical":"https:\/\/bmasmaoo.com\/index.php\/produit\/pot-pliable-enfant-voyage-siege-de-toilette-pour-enfants-toilettes-pliantes-pour-enfants\/","og_locale":"fr_FR","og_type":"article","og_title":"Pot pliable enfant voyage - Si\u00e8ge de Toilette pour Enfants","og_description":"Ces\u00a0toilettes pliables pour enfants sont parfaites pour\u00a0tout-petits et jeunes enfants pendant la journ\u00e9e\u00a0voyage, camping, d\u00e9placement en voiture et urgence . Fait de\u00a0mat\u00e9riau PP durable et \u00e9pais , il offre un\u00a0si\u00e8ge robuste et s\u00fbr pour les enfants jusqu'\u00e0\u00a07 ann\u00e9es .Il est facile \u00e0 transporter et \u00e0 ranger.","og_url":"https:\/\/bmasmaoo.com\/index.php\/produit\/pot-pliable-enfant-voyage-siege-de-toilette-pour-enfants-toilettes-pliantes-pour-enfants\/","og_site_name":"Bambinerie Chez Maman Asmao","article_publisher":"https:\/\/www.facebook.com\/keacissediop\/?locale=fr_FR","article_modified_time":"2026-01-16T17:41:12+00:00","og_image":[{"width":1080,"height":1080,"url":"https:\/\/bmasmaoo.com\/wp-content\/uploads\/2025\/11\/14.png","type":"image\/png"}],"twitter_card":"summary_large_image","schema":{"@context":"https:\/\/schema.org","@graph":[{"@type":"WebPage","@id":"https:\/\/bmasmaoo.com\/index.php\/produit\/pot-pliable-enfant-voyage-siege-de-toilette-pour-enfants-toilettes-pliantes-pour-enfants\/","url":"https:\/\/bmasmaoo.com\/index.php\/produit\/pot-pliable-enfant-voyage-siege-de-toilette-pour-enfants-toilettes-pliantes-pour-enfants\/","name":"Pot pliable enfant voyage - Si\u00e8ge de Toilette pour Enfants - Bambinerie Chez Maman Asmao","isPartOf":{"@id":"https:\/\/bmasmaoo.com\/#website"},"primaryImageOfPage":{"@id":"https:\/\/bmasmaoo.com\/index.php\/produit\/pot-pliable-enfant-voyage-siege-de-toilette-pour-enfants-toilettes-pliantes-pour-enfants\/#primaryimage"},"image":{"@id":"https:\/\/bmasmaoo.com\/index.php\/produit\/pot-pliable-enfant-voyage-siege-de-toilette-pour-enfants-toilettes-pliantes-pour-enfants\/#primaryimage"},"thumbnailUrl":"https:\/\/bmasmaoo.com\/wp-content\/uploads\/2025\/11\/14.png","datePublished":"2025-11-12T13:08:34+00:00","dateModified":"2026-01-16T17:41:12+00:00","breadcrumb":{"@id":"https:\/\/bmasmaoo.com\/index.php\/produit\/pot-pliable-enfant-voyage-siege-de-toilette-pour-enfants-toilettes-pliantes-pour-enfants\/#breadcrumb"},"inLanguage":"fr-FR","potentialAction":[{"@type":"ReadAction","target":["https:\/\/bmasmaoo.com\/index.php\/produit\/pot-pliable-enfant-voyage-siege-de-toilette-pour-enfants-toilettes-pliantes-pour-enfants\/"]}]},{"@type":"ImageObject","inLanguage":"fr-FR","@id":"https:\/\/bmasmaoo.com\/index.php\/produit\/pot-pliable-enfant-voyage-siege-de-toilette-pour-enfants-toilettes-pliantes-pour-enfants\/#primaryimage","url":"https:\/\/bmasmaoo.com\/wp-content\/uploads\/2025\/11\/14.png","contentUrl":"https:\/\/bmasmaoo.com\/wp-content\/uploads\/2025\/11\/14.png","width":1080,"height":1080},{"@type":"BreadcrumbList","@id":"https:\/\/bmasmaoo.com\/index.php\/produit\/pot-pliable-enfant-voyage-siege-de-toilette-pour-enfants-toilettes-pliantes-pour-enfants\/#breadcrumb","itemListElement":[{"@type":"ListItem","position":1,"name":"Home","item":"https:\/\/bmasmaoo.com\/"},{"@type":"ListItem","position":2,"name":"Shop","item":"https:\/\/bmasmaoo.com\/index.php\/boutique\/"},{"@type":"ListItem","position":3,"name":"Pot pliable enfant voyage &#8211; Si\u00e8ge de Toilette pour Enfants"}]},{"@type":"WebSite","@id":"https:\/\/bmasmaoo.com\/#website","url":"https:\/\/bmasmaoo.com\/","name":"https:\/\/bmasmaoo.com\/","description":"","publisher":{"@id":"https:\/\/bmasmaoo.com\/#organization"},"potentialAction":[{"@type":"SearchAction","target":{"@type":"EntryPoint","urlTemplate":"https:\/\/bmasmaoo.com\/?s={search_term_string}"},"query-input":{"@type":"PropertyValueSpecification","valueRequired":true,"valueName":"search_term_string"}}],"inLanguage":"fr-FR"},{"@type":"Organization","@id":"https:\/\/bmasmaoo.com\/#organization","name":"Bambinerie Maman Asmao","url":"https:\/\/bmasmaoo.com\/","logo":{"@type":"ImageObject","inLanguage":"fr-FR","@id":"https:\/\/bmasmaoo.com\/#\/schema\/logo\/image\/","url":"https:\/\/bmasmaoo.com\/wp-content\/uploads\/2025\/11\/Generated-Image-November-12-2025-6_41PM.png","contentUrl":"https:\/\/bmasmaoo.com\/wp-content\/uploads\/2025\/11\/Generated-Image-November-12-2025-6_41PM.png","width":608,"height":372,"caption":"Bambinerie Maman Asmao"},"image":{"@id":"https:\/\/bmasmaoo.com\/#\/schema\/logo\/image\/"},"sameAs":["https:\/\/www.facebook.com\/keacissediop\/?locale=fr_FR","https:\/\/www.instagram.com\/bambineriemamanasmao\/?hl=fr","https:\/\/www.tiktok.com\/@bambineriemamanasmao"],"telephone":"+221772474296","legalName":"Bambinerie Maman Asmao"}]}},"_links":{"self":[{"href":"https:\/\/bmasmaoo.com\/index.php\/wp-json\/wp\/v2\/product\/1035","targetHints":{"allow":["GET"]}}],"collection":[{"href":"https:\/\/bmasmaoo.com\/index.php\/wp-json\/wp\/v2\/product"}],"about":[{"href":"https:\/\/bmasmaoo.com\/index.php\/wp-json\/wp\/v2\/types\/product"}],"version-history":[{"count":5,"href":"https:\/\/bmasmaoo.com\/index.php\/wp-json\/wp\/v2\/product\/1035\/revisions"}],"predecessor-version":[{"id":3493,"href":"https:\/\/bmasmaoo.com\/index.php\/wp-json\/wp\/v2\/product\/1035\/revisions\/3493"}],"wp:featuredmedia":[{"embeddable":true,"href":"https:\/\/bmasmaoo.com\/index.php\/wp-json\/wp\/v2\/media\/1008"}],"wp:attachment":[{"href":"https:\/\/bmasmaoo.com\/index.php\/wp-json\/wp\/v2\/media?parent=1035"}],"wp:term":[{"taxonomy":"product_brand","embeddable":true,"href":"https:\/\/bmasmaoo.com\/index.php\/wp-json\/wp\/v2\/product_brand?post=1035"},{"taxonomy":"product_cat","embeddable":true,"href":"https:\/\/bmasmaoo.com\/index.php\/wp-json\/wp\/v2\/product_cat?post=1035"},{"taxonomy":"product_tag","embeddable":true,"href":"https:\/\/bmasmaoo.com\/index.php\/wp-json\/wp\/v2\/product_tag?post=1035"}],"curies":[{"name":"wp","href":"https:\/\/api.w.org\/{rel}","templated":true}]}}